{"id":69,"date":"2019-07-23T14:34:03","date_gmt":"2019-07-23T12:34:03","guid":{"rendered":"http:\/\/www.anmako.eu\/?page_id=69"},"modified":"2019-07-24T10:00:00","modified_gmt":"2019-07-24T08:00:00","slug":"oferta","status":"publish","type":"page","link":"https:\/\/www.anmako.eu\/?page_id=69","title":{"rendered":"Oferta"},"content":{"rendered":"<p>Oferujemy :<\/p>\n<ul>\n<li>instalacja fotowoltaiki OZE<\/li>\n<li>instalacja kot\u0142\u00f3w gazowych<\/li>\n<li>instalacja system\u00f3w ogrzewania w tym ogrzewanie pod\u0142ogowe<\/li>\n<li>serwis gwarancyjny i pogwarancyjny firm PURMO , BROTJE , SAUNIER DUVAL<\/li>\n<\/ul>\n","protected":false},"excerpt":{"rendered":"<p>Oferujemy : instalacja fotowoltaiki OZE instalacja kot\u0142\u00f3w gazowych instalacja system\u00f3w ogrzewania w tym ogrzewanie pod\u0142ogowe serwis gwarancyjny i pogwarancyjny firm PURMO , BROTJE , SAUNIER DUVAL<\/p>\n","protected":false},"author":1,"featured_media":0,"parent":0,"menu_order":0,"comment_status":"closed","ping_status":"closed","template":"","meta":{"footnotes":""},"class_list":["post-69","page","type-page","status-publish","hentry"],"_links":{"self":[{"href":"https:\/\/www.anmako.eu\/index.php?rest_route=\/wp\/v2\/pages\/69","targetHints":{"allow":["GET"]}}],"collection":[{"href":"https:\/\/www.anmako.eu\/index.php?rest_route=\/wp\/v2\/pages"}],"about":[{"href":"https:\/\/www.anmako.eu\/index.php?rest_route=\/wp\/v2\/types\/page"}],"author":[{"embeddable":true,"href":"https:\/\/www.anmako.eu\/index.php?rest_route=\/wp\/v2\/users\/1"}],"replies":[{"embeddable":true,"href":"https:\/\/www.anmako.eu\/index.php?rest_route=%2Fwp%2Fv2%2Fcomments&post=69"}],"version-history":[{"count":4,"href":"https:\/\/www.anmako.eu\/index.php?rest_route=\/wp\/v2\/pages\/69\/revisions"}],"predecessor-version":[{"id":79,"href":"https:\/\/www.anmako.eu\/index.php?rest_route=\/wp\/v2\/pages\/69\/revisions\/79"}],"wp:attachment":[{"href":"https:\/\/www.anmako.eu\/index.php?rest_route=%2Fwp%2Fv2%2Fmedia&parent=69"}],"curies":[{"name":"wp","href":"https:\/\/api.w.org\/{rel}","templated":true}]}}